{"id":39,"date":"2016-11-30T09:31:04","date_gmt":"2016-11-30T08:31:04","guid":{"rendered":"http:\/\/serwer1421977.home.pl\/listopad16\/wolarz\/index.php\/wycieczki\/"},"modified":"2023-01-19T12:07:23","modified_gmt":"2023-01-19T11:07:23","slug":"wycieczki","status":"publish","type":"page","link":"https:\/\/eduwyprawy.pl\/index.php\/wycieczki\/","title":{"rendered":"wycieczki"},"content":{"rendered":"\n<h3><span style=\"color: #808000;\">&nbsp;<\/span>Wielka Maj\u00f3wka &#8211; Ma\u0142e Pieny i S\u0142owacja<\/h3>\n\n\n\n<p class=\"has-text-align-left\">29 kwietnia &#8211; 3 maj 2022 <\/p>\n\n\n\n<h2><span style=\"color: #ff0000;\"><strong>Program:<\/strong><\/span><\/h2>\n\n\n\n<pre class=\"wp-block-preformatted\">Dzie\u0144 1: Opactwo Benedyktyn\u00f3w w Ty\u0144cu - najstarszy klasztor w Polsce \/obiadokolacja\/\nDzie\u0144 2: Wycieczka na S\u0142owacj\u0119: Zamek Stara Lubovla i skansen, Jaskinia Bielanska \/\u015bniadanie i obiadokolacja\/\nDzie\u0144 3: Wycieczka do Sromowc\u00f3w Wy\u017cnych ( Izba regionalna), Czerwony Klasztor na S\u0142owacji. Po po\u0142udniu wyjazd dla ch\u0119tnych do Termabania - baseny termalne w Bia\u0142ce Tatrza\u0144skiej ( dodatkowo p\u0142atne) dla pozostaj\u0105cych na miejscu wycieczka po Kacwinie. \n\/\u015bniadanie i obiadokolacja\/Ognisko z kie\u0142baskami.\nDzie\u0144 4: Zamek w Czorsztynie, Zwiedzanie Szczawnicy z przewodnikiem, Wjazd na Palenic\u0119 dla ch\u0119tnych (dodatkowo p\u0142atne), zwiedzanie rezerwatu \"Bia\u0142a Woda\", Kopia G\u00f3rka w Kro\u015bcienku ( Centrum Ruchu \u015awiat\u0142o \u017bycie) \/\u015bniadanie i obiadokolacja\/\nDzie\u0144 5: Stary S\u0105cz, klasztor i ko\u015bci\u00f3\u0142 Klarysek \/\u015bniadanie i obiad\/<\/pre>\n\n\n\n<p><strong>ZAKWATEROWANIE :\u00a0<\/strong>Pensjonat &#8222;Harna\u015b 2&#8221; w Kacwinie. Pokoje z \u0142azienkami<br><strong>WY\u017bYWNIENIE:\u00a0\u00a0<\/strong>opisane w programie wy\u017cej<br><strong>UBEZPIECZENIE:\u00a0<\/strong>NNW uczestnik\u00f3w<\/p>\n\n\n\n<p>CENA 1290 z\u0142 +20 euro<\/p>\n\n\n\n<p>Zawiera:<\/p>\n\n\n\n<p>przejazd autokarem<\/p>\n\n\n\n<p>4 noclegi<\/p>\n\n\n\n<p>posi\u0142ki opisane wy\u017cej w programie<\/p>\n\n\n\n<p>wycieczki, bilety oraz us\u0142ugi przewodnik\u00f3w<\/p>\n\n\n\n<p>ubezpieczenie NNW oraz UFG<\/p>\n\n\n\n<p>cena niezawiera: biletu na kolejk\u0119 na  Palenic\u0119 (26 z\u0142) , wyjazdu do TERMABANIA (100 z\u0142)<br><\/p>\n\n\n\n<h2><strong><a href=\"https:\/\/docs.google.com\/forms\/d\/e\/1FAIpQLSeg3zqlqGwbzUcPj3IOa0RrqG5tY-lfPtq_PcfinHPkM3KZQQ\/viewform?usp=sf_link\">Formularz zg\u0142oszeniowy &#8211; zapisy <\/a>    <\/strong>   <\/h2>\n","protected":false},"excerpt":{"rendered":"<p>&nbsp;Wielka Maj\u00f3wka &#8211; Ma\u0142e Pieny i S\u0142owacja 29 kwietnia &#8211; 3 maj 2022 Program: Dzie\u0144 1: Opactwo Benedyktyn\u00f3w w Ty\u0144cu &#8211; najstarszy klasztor w Polsce \/obiadokolacja\/ Dzie\u0144 2: Wycieczka na S\u0142owacj\u0119: Zamek Stara Lubovla i skansen, Jaskinia Bielanska \/\u015bniadanie i&hellip; <\/p>\n","protected":false},"author":1,"featured_media":0,"parent":0,"menu_order":0,"comment_status":"closed","ping_status":"closed","template":"","meta":[],"_links":{"self":[{"href":"https:\/\/eduwyprawy.pl\/index.php\/wp-json\/wp\/v2\/pages\/39"}],"collection":[{"href":"https:\/\/eduwyprawy.pl\/index.php\/wp-json\/wp\/v2\/pages"}],"about":[{"href":"https:\/\/eduwyprawy.pl\/index.php\/wp-json\/wp\/v2\/types\/page"}],"author":[{"embeddable":true,"href":"https:\/\/eduwyprawy.pl\/index.php\/wp-json\/wp\/v2\/users\/1"}],"replies":[{"embeddable":true,"href":"https:\/\/eduwyprawy.pl\/index.php\/wp-json\/wp\/v2\/comments?post=39"}],"version-history":[{"count":8,"href":"https:\/\/eduwyprawy.pl\/index.php\/wp-json\/wp\/v2\/pages\/39\/revisions"}],"predecessor-version":[{"id":753,"href":"https:\/\/eduwyprawy.pl\/index.php\/wp-json\/wp\/v2\/pages\/39\/revisions\/753"}],"wp:attachment":[{"href":"https:\/\/eduwyprawy.pl\/index.php\/wp-json\/wp\/v2\/media?parent=39"}],"curies":[{"name":"wp","href":"https:\/\/api.w.org\/{rel}","templated":true}]}}